{"id":777,"date":"2023-11-29T21:11:58","date_gmt":"2023-11-29T20:11:58","guid":{"rendered":"https:\/\/areprillan.se\/?page_id=777"},"modified":"2023-11-29T21:48:10","modified_gmt":"2023-11-29T20:48:10","slug":"faq","status":"publish","type":"page","link":"https:\/\/areprillan.se\/?page_id=777","title":{"rendered":"FAQ"},"content":{"rendered":"\n<p><\/p>\n\n\n\n<div class=\"wp-block-stackable-columns alignfull stk-block-columns stk-block stk-889c7d6 stk-block-background\" data-block-id=\"889c7d6\"><style>.stk-889c7d6{background-color:var(--stk-global-color-58834,#ffffff) !important;padding-top:80px !important;padding-bottom:80px !important}.stk-889c7d6:before{background-color:var(--stk-global-color-58834,#ffffff) !important}<\/style><div class=\"stk-row stk-inner-blocks stk-block-content stk-content-align stk-889c7d6-column alignwide\">\n<div class=\"wp-block-stackable-column stk-block-column stk-column stk-block stk-d462964\" data-v=\"4\" data-block-id=\"d462964\"><div class=\"stk-column-wrapper stk-block-column__content stk-container stk-d462964-container stk--no-background stk--no-padding\"><div class=\"stk-block-content stk-inner-blocks stk-d462964-inner-blocks\">\n<div class=\"wp-block-stackable-heading stk-block-heading stk-block-heading--v2 stk-block stk-fa87037\" id=\"faq\" data-block-id=\"fa87037\"><style>.stk-fa87037 .stk-block-heading__text{font-size:48px !important;color:#1a1a1a !important;font-weight:800 !important}@media screen and (max-width:1023px){.stk-fa87037 .stk-block-heading__text{font-size:48px !important}}<\/style><h2 class=\"stk-block-heading__text has-text-color has-text-align-center stk-block-heading--use-theme-margins\">FAQ<\/h2><\/div>\n\n\n\n<div class=\"wp-block-stackable-text stk-block-text stk-block stk-5faf2f3\" data-block-id=\"5faf2f3\"><style>.stk-5faf2f3{margin-bottom:40px !important}.stk-5faf2f3 .stk-block-text__text{color:var(--stk-global-color-56986,#111111) !important}<\/style><p class=\"stk-block-text__text has-text-color has-stk-global-color-56986-color has-text-align-center\">Vanligt st\u00e4llda fr\u00e5gor<\/p><\/div>\n\n\n\n<div class=\"wp-block-stackable-columns stk-block-columns stk-block stk-734b5ff\" data-block-id=\"734b5ff\"><div class=\"stk-row stk-inner-blocks stk-block-content stk-content-align stk-734b5ff-column\">\n<div class=\"wp-block-stackable-column stk-block-column stk-column stk-block stk-58d3230\" data-v=\"4\" data-block-id=\"58d3230\"><style>@media screen and (min-width:768px){.stk-58d3230{flex:1 1 33.3% !important}}<\/style><div class=\"stk-column-wrapper stk-block-column__content stk-container stk-58d3230-container stk--no-background stk--no-padding\"><div class=\"stk-block-content stk-inner-blocks stk-58d3230-inner-blocks\">\n<div class=\"wp-block-stackable-heading stk-block-heading stk-block-heading--v2 stk-block stk-9a25059\" id=\"rubrik\" data-block-id=\"9a25059\"><style>.stk-9a25059 .stk-block-heading__text{font-size:32px !important;color:#b21f20 !important;font-weight:800 !important}@media screen and (max-width:1023px){.stk-9a25059 .stk-block-heading__text{font-size:32px !important}}<\/style><h2 class=\"stk-block-heading__text has-text-color has-stk-global-color-71534-color has-text-align-left stk-block-heading--use-theme-margins\">Rubrik<\/h2><\/div>\n<\/div><\/div><\/div>\n\n\n\n<div class=\"wp-block-stackable-column stk-block-column stk-column stk-block stk-aeb6104\" data-v=\"4\" data-block-id=\"aeb6104\"><style>@media screen and (min-width:768px){.stk-aeb6104{flex:1 1 66.7% !important}}<\/style><div class=\"stk-column-wrapper stk-block-column__content stk-container stk-aeb6104-container stk--no-background stk--no-padding\"><div class=\"stk-block-content stk-inner-blocks stk-aeb6104-inner-blocks\">\n<details class=\"wp-block-stackable-accordion stk-block-accordion stk-inner-blocks stk-block-content stk--single-open stk-block stk-511b55d\" data-block-id=\"511b55d\"><style>.stk-511b55d{border-top-left-radius:0px !important;border-top-right-radius:0px !important;border-bottom-right-radius:0px !important;border-bottom-left-radius:0px !important;overflow:hidden !important;box-shadow:none !important;border-style:solid !important;border-color:#dadada !important;border-top-width:0px !important;border-right-width:0px !important;border-bottom-width:1px !important;border-left-width:0px !important;padding-top:0px !important;padding-right:0px !important;padding-bottom:0px !important;padding-left:0px !important}<\/style>\n<summary class=\"wp-block-stackable-column stk-block-column stk-column stk-block stk-cd571cf stk--container-small stk-block-accordion__heading\" data-v=\"4\" data-block-id=\"cd571cf\"><style>.stk-cd571cf{padding-top:8px !important;padding-right:32px !important;padding-bottom:8px !important;padding-left:32px !important}<\/style><div class=\"stk-column-wrapper stk-block-column__content stk-container stk-cd571cf-container stk--no-background stk--no-padding\"><div class=\"stk-block-content stk-inner-blocks stk-cd571cf-inner-blocks\">\n<div class=\"wp-block-stackable-icon-label stk-block-icon-label stk-block stk-37c1794\" data-block-id=\"37c1794\"><div class=\"stk-row stk-inner-blocks stk-block-content\">\n<div class=\"wp-block-stackable-heading stk-block-heading stk-block-heading--v2 stk-block stk-493320a\" id=\"hur-lang-leveranstid\" data-block-id=\"493320a\"><style>.stk-493320a .stk-block-heading__text{font-size:24px !important;color:#1a1a1a !important;font-weight:600 !important}@media screen and (max-width:1023px){.stk-493320a .stk-block-heading__text{font-size:24px !important}}<\/style><h2 class=\"stk-block-heading__text has-text-color has-text-align-center stk-block-heading--use-theme-margins\">Hur l\u00e5ng leveranstid?<\/h2><\/div>\n\n\n\n<div class=\"wp-block-stackable-icon stk-block-icon stk-block stk-6535fc2\" data-block-id=\"6535fc2\"><span class=\"stk--svg-wrapper\"><div class=\"stk--inner-svg\"><svg style=\"height:0;width:0\"><defs><linearGradient id=\"linear-gradient-6535fc2\" x1=\"0\" x2=\"100%\" y1=\"0\" y2=\"0\"><stop offset=\"0%\" style=\"stop-opacity:1;stop-color:var(--linear-gradient-6535-fc-2-color-1)\"><\/stop><stop offset=\"100%\" style=\"stop-opacity:1;stop-color:var(--linear-gradient-6535-fc-2-color-2)\"><\/stop><\/linearGradient><\/defs><\/svg><svg data-prefix=\"fas\" data-icon=\"chevron-down\" class=\"svg-inline--fa fa-chevron-down fa-w-14\" xmlns=\"http:\/\/www.w3.org\/2000\/svg\" viewBox=\"0 0 448 512\" aria-hidden=\"true\" width=\"32\" height=\"32\"><path fill=\"currentColor\" d=\"M207.029 381.476L12.686 187.132c-9.373-9.373-9.373-24.569 0-33.941l22.667-22.667c9.357-9.357 24.522-9.375 33.901-.04L224 284.505l154.745-154.021c9.379-9.335 24.544-9.317 33.901.04l22.667 22.667c9.373 9.373 9.373 24.569 0 33.941L240.971 381.476c-9.373 9.372-24.569 9.372-33.942 0z\"><\/path><\/svg><\/div><\/span><\/div>\n<\/div><\/div>\n<\/div><\/div><\/summary>\n\n\n\n<div class=\"wp-block-stackable-column stk-block-column stk-column stk-block stk-63ed91a stk-block-accordion__content\" data-v=\"4\" data-block-id=\"63ed91a\"><style>.stk-63ed91a-container{padding-top:0px !important;padding-bottom:8px !important}<\/style><div class=\"stk-column-wrapper stk-block-column__content stk-container stk-63ed91a-container stk--no-background stk--no-padding\"><div class=\"stk-block-content stk-inner-blocks stk-63ed91a-inner-blocks\">\n<div class=\"wp-block-stackable-text stk-block-text stk-block stk-ea9dad5\" data-block-id=\"ea9dad5\"><style>.stk-ea9dad5 .stk-block-text__text{color:var(--stk-global-color-56986,#111111) !important}<\/style><p class=\"stk-block-text__text has-text-color has-stk-global-color-56986-color\">Description for this block. Use this space for describing your block. Any text will do. Description for this block. You can use this space for describing your block.<\/p><\/div>\n<\/div><\/div><\/div>\n<\/details>\n\n\n\n<details class=\"wp-block-stackable-accordion stk-block-accordion stk-inner-blocks stk-block-content stk--single-open stk-block stk-58ba19e\" data-block-id=\"58ba19e\"><style>.stk-58ba19e{border-style:solid !important;border-color:#dadada !important;border-top-width:0px !important;border-right-width:0px !important;border-bottom-width:1px !important;border-left-width:0px !important;padding-top:0px !important;padding-right:0px !important;padding-bottom:0px !important;padding-left:0px !important}<\/style>\n<summary class=\"wp-block-stackable-column stk-block-column stk-column stk-block stk-fe67aeb stk--container-small stk-block-accordion__heading\" data-v=\"4\" data-block-id=\"fe67aeb\"><style>.stk-fe67aeb{padding-top:8px !important;padding-right:32px !important;padding-bottom:8px !important;padding-left:32px !important}<\/style><div class=\"stk-column-wrapper stk-block-column__content stk-container stk-fe67aeb-container stk--no-background stk--no-padding\"><div class=\"stk-block-content stk-inner-blocks stk-fe67aeb-inner-blocks\">\n<div class=\"wp-block-stackable-icon-label stk-block-icon-label stk-block stk-3285383\" data-block-id=\"3285383\"><div class=\"stk-row stk-inner-blocks stk-block-content\">\n<div class=\"wp-block-stackable-heading stk-block-heading stk-block-heading--v2 stk-block stk-9155695\" id=\"hur-skickas-min-leverans\" data-block-id=\"9155695\"><style>.stk-9155695 .stk-block-heading__text{font-size:24px !important;color:#1a1a1a !important;font-weight:600 !important}@media screen and (max-width:1023px){.stk-9155695 .stk-block-heading__text{font-size:24px !important}}<\/style><h2 class=\"stk-block-heading__text has-text-color has-text-align-center stk-block-heading--use-theme-margins\">Hur skickas min leverans?<\/h2><\/div>\n\n\n\n<div class=\"wp-block-stackable-icon stk-block-icon stk-block stk-489c799\" data-block-id=\"489c799\"><span class=\"stk--svg-wrapper\"><div class=\"stk--inner-svg\"><svg style=\"height:0;width:0\"><defs><linearGradient id=\"linear-gradient-489c799\" x1=\"0\" x2=\"100%\" y1=\"0\" y2=\"0\"><stop offset=\"0%\" style=\"stop-opacity:1;stop-color:var(--linear-gradient-489-c-799-color-1)\"><\/stop><stop offset=\"100%\" style=\"stop-opacity:1;stop-color:var(--linear-gradient-489-c-799-color-2)\"><\/stop><\/linearGradient><\/defs><\/svg><svg data-prefix=\"fas\" data-icon=\"chevron-down\" class=\"svg-inline--fa fa-chevron-down fa-w-14\" xmlns=\"http:\/\/www.w3.org\/2000\/svg\" viewBox=\"0 0 448 512\" aria-hidden=\"true\" width=\"32\" height=\"32\"><path fill=\"currentColor\" d=\"M207.029 381.476L12.686 187.132c-9.373-9.373-9.373-24.569 0-33.941l22.667-22.667c9.357-9.357 24.522-9.375 33.901-.04L224 284.505l154.745-154.021c9.379-9.335 24.544-9.317 33.901.04l22.667 22.667c9.373 9.373 9.373 24.569 0 33.941L240.971 381.476c-9.373 9.372-24.569 9.372-33.942 0z\"><\/path><\/svg><\/div><\/span><\/div>\n<\/div><\/div>\n<\/div><\/div><\/summary>\n\n\n\n<div class=\"wp-block-stackable-column stk-block-column stk-column stk-block stk-8ae21aa stk-block-accordion__content\" data-v=\"4\" data-block-id=\"8ae21aa\"><style>.stk-8ae21aa-container{padding-top:0px !important;padding-bottom:8px !important}<\/style><div class=\"stk-column-wrapper stk-block-column__content stk-container stk-8ae21aa-container stk--no-background stk--no-padding\"><div class=\"stk-block-content stk-inner-blocks stk-8ae21aa-inner-blocks\">\n<div class=\"wp-block-stackable-text stk-block-text stk-block stk-538dad0\" data-block-id=\"538dad0\"><style>.stk-538dad0 .stk-block-text__text{color:var(--stk-global-color-56986,#111111) !important}<\/style><p class=\"stk-block-text__text has-text-color has-stk-global-color-56986-color\">Description for this block. Use this space for describing your block. Any text will do. Description for this block. You can use this space for describing your block.<\/p><\/div>\n<\/div><\/div><\/div>\n<\/details>\n<\/div><\/div><\/div>\n<\/div><\/div>\n\n\n\n<div class=\"wp-block-stackable-columns stk-block-columns stk-block stk-c7ab4bb\" data-block-id=\"c7ab4bb\"><div class=\"stk-row stk-inner-blocks stk-block-content stk-content-align stk-c7ab4bb-column\">\n<div class=\"wp-block-stackable-column stk-block-column stk-column stk-block stk-c7cebe9\" data-v=\"4\" data-block-id=\"c7cebe9\"><style>@media screen and (min-width:768px){.stk-c7cebe9{flex:1 1 33.3% !important}}<\/style><div class=\"stk-column-wrapper stk-block-column__content stk-container stk-c7cebe9-container stk--no-background stk--no-padding\"><div class=\"stk-block-content stk-inner-blocks stk-c7cebe9-inner-blocks\">\n<div class=\"wp-block-stackable-heading stk-block-heading stk-block-heading--v2 stk-block stk-24c91a2\" id=\"ovrigt\" data-block-id=\"24c91a2\"><style>.stk-24c91a2 .stk-block-heading__text{font-size:32px !important;color:#b21f20 !important;font-weight:800 !important}@media screen and (max-width:1023px){.stk-24c91a2 .stk-block-heading__text{font-size:32px !important}}<\/style><h2 class=\"stk-block-heading__text has-text-color has-stk-global-color-71534-color has-text-align-left stk-block-heading--use-theme-margins\">\u00d6vrigt<\/h2><\/div>\n<\/div><\/div><\/div>\n\n\n\n<div class=\"wp-block-stackable-column stk-block-column stk-column stk-block stk-c25949c\" data-v=\"4\" data-block-id=\"c25949c\"><style>@media screen and (min-width:768px){.stk-c25949c{flex:1 1 66.7% !important}}<\/style><div class=\"stk-column-wrapper stk-block-column__content stk-container stk-c25949c-container stk--no-background stk--no-padding\"><div class=\"stk-block-content stk-inner-blocks stk-c25949c-inner-blocks\">\n<details class=\"wp-block-stackable-accordion stk-block-accordion stk-inner-blocks stk-block-content stk--single-open stk-block stk-0759664\" data-block-id=\"0759664\"><style>.stk-0759664{overflow:hidden !important;border-style:solid !important;border-color:#dadada !important;border-top-width:0px !important;border-right-width:0px !important;border-bottom-width:1px !important;border-left-width:0px !important;padding-top:0px !important;padding-right:0px !important;padding-bottom:0px !important;padding-left:0px !important}<\/style>\n<summary class=\"wp-block-stackable-column stk-block-column stk-column stk-block stk-fca3e31 stk--container-small stk-block-accordion__heading\" data-v=\"4\" data-block-id=\"fca3e31\"><style>.stk-fca3e31{padding-top:8px !important;padding-right:32px !important;padding-bottom:8px !important;padding-left:32px !important}<\/style><div class=\"stk-column-wrapper stk-block-column__content stk-container stk-fca3e31-container stk--no-background stk--no-padding\"><div class=\"stk-block-content stk-inner-blocks stk-fca3e31-inner-blocks\">\n<div class=\"wp-block-stackable-icon-label stk-block-icon-label stk-block stk-497257f\" data-block-id=\"497257f\"><div class=\"stk-row stk-inner-blocks stk-block-content\">\n<div class=\"wp-block-stackable-heading stk-block-heading stk-block-heading--v2 stk-block stk-9ac4bb3\" id=\"vart-kan-man-kopa-areprillan\" data-block-id=\"9ac4bb3\"><style>.stk-9ac4bb3 .stk-block-heading__text{font-size:24px !important;color:#1a1a1a !important;font-weight:600 !important}@media screen and (max-width:1023px){.stk-9ac4bb3 .stk-block-heading__text{font-size:24px !important}}<\/style><h2 class=\"stk-block-heading__text has-text-color has-text-align-center stk-block-heading--use-theme-margins\">Vart kan man k\u00f6pa \u00c5reprillan?<\/h2><\/div>\n\n\n\n<div class=\"wp-block-stackable-icon stk-block-icon stk-block stk-c8a7cb0\" data-block-id=\"c8a7cb0\"><span class=\"stk--svg-wrapper\"><div class=\"stk--inner-svg\"><svg style=\"height:0;width:0\"><defs><linearGradient id=\"linear-gradient-c8a7cb0\" x1=\"0\" x2=\"100%\" y1=\"0\" y2=\"0\"><stop offset=\"0%\" style=\"stop-opacity:1;stop-color:var(--linear-gradient-c-8-a-7-cb-0-color-1)\"><\/stop><stop offset=\"100%\" style=\"stop-opacity:1;stop-color:var(--linear-gradient-c-8-a-7-cb-0-color-2)\"><\/stop><\/linearGradient><\/defs><\/svg><svg data-prefix=\"fas\" data-icon=\"chevron-down\" class=\"svg-inline--fa fa-chevron-down fa-w-14\" xmlns=\"http:\/\/www.w3.org\/2000\/svg\" viewBox=\"0 0 448 512\" aria-hidden=\"true\" width=\"32\" height=\"32\"><path fill=\"currentColor\" d=\"M207.029 381.476L12.686 187.132c-9.373-9.373-9.373-24.569 0-33.941l22.667-22.667c9.357-9.357 24.522-9.375 33.901-.04L224 284.505l154.745-154.021c9.379-9.335 24.544-9.317 33.901.04l22.667 22.667c9.373 9.373 9.373 24.569 0 33.941L240.971 381.476c-9.373 9.372-24.569 9.372-33.942 0z\"><\/path><\/svg><\/div><\/span><\/div>\n<\/div><\/div>\n<\/div><\/div><\/summary>\n\n\n\n<div class=\"wp-block-stackable-column stk-block-column stk-column stk-block stk-dfcc288 stk-block-accordion__content\" data-v=\"4\" data-block-id=\"dfcc288\"><style>.stk-dfcc288-container{padding-top:0px !important;padding-bottom:8px !important}<\/style><div class=\"stk-column-wrapper stk-block-column__content stk-container stk-dfcc288-container stk--no-background stk--no-padding\"><div class=\"stk-block-content stk-inner-blocks stk-dfcc288-inner-blocks\">\n<div class=\"wp-block-stackable-text stk-block-text stk-block stk-78764ad\" data-block-id=\"78764ad\"><style>.stk-78764ad .stk-block-text__text{color:var(--stk-global-color-56986,#111111) !important}<\/style><p class=\"stk-block-text__text has-text-color has-stk-global-color-56986-color\">Description for this block. Use this space for describing your block. Any text will do. Description for this block. You can use this space for describing your block.<\/p><\/div>\n<\/div><\/div><\/div>\n<\/details>\n\n\n\n<details class=\"wp-block-stackable-accordion stk-block-accordion stk-inner-blocks stk-block-content stk--single-open stk-block stk-bc557dc\" data-block-id=\"bc557dc\"><style>.stk-bc557dc{border-style:solid !important;border-color:#dadada !important;border-top-width:0px !important;border-right-width:0px !important;border-bottom-width:1px !important;border-left-width:0px !important;padding-top:0px !important;padding-right:0px !important;padding-bottom:0px !important;padding-left:0px !important}<\/style>\n<summary class=\"wp-block-stackable-column stk-block-column stk-column stk-block stk-3822167 stk--container-small stk-block-accordion__heading\" data-v=\"4\" data-block-id=\"3822167\"><style>.stk-3822167{padding-top:8px !important;padding-right:32px !important;padding-bottom:8px !important;padding-left:32px !important}<\/style><div class=\"stk-column-wrapper stk-block-column__content stk-container stk-3822167-container stk--no-background stk--no-padding\"><div class=\"stk-block-content stk-inner-blocks stk-3822167-inner-blocks\">\n<div class=\"wp-block-stackable-icon-label stk-block-icon-label stk-block stk-e9a998a\" data-block-id=\"e9a998a\"><div class=\"stk-row stk-inner-blocks stk-block-content\">\n<div class=\"wp-block-stackable-heading stk-block-heading stk-block-heading--v2 stk-block stk-f85d826\" id=\"vart-tillverkas-areprillan\" data-block-id=\"f85d826\"><style>.stk-f85d826 .stk-block-heading__text{font-size:24px !important;color:#1a1a1a !important;font-weight:600 !important}@media screen and (max-width:1023px){.stk-f85d826 .stk-block-heading__text{font-size:24px !important}}<\/style><h2 class=\"stk-block-heading__text has-text-color has-text-align-center stk-block-heading--use-theme-margins\">Vart tillverkas \u00c5reprillan?<\/h2><\/div>\n\n\n\n<div class=\"wp-block-stackable-icon stk-block-icon stk-block stk-668a794\" data-block-id=\"668a794\"><span class=\"stk--svg-wrapper\"><div class=\"stk--inner-svg\"><svg style=\"height:0;width:0\"><defs><linearGradient id=\"linear-gradient-668a794\" x1=\"0\" x2=\"100%\" y1=\"0\" y2=\"0\"><stop offset=\"0%\" style=\"stop-opacity:1;stop-color:var(--linear-gradient-668-a-794-color-1)\"><\/stop><stop offset=\"100%\" style=\"stop-opacity:1;stop-color:var(--linear-gradient-668-a-794-color-2)\"><\/stop><\/linearGradient><\/defs><\/svg><svg data-prefix=\"fas\" data-icon=\"chevron-down\" class=\"svg-inline--fa fa-chevron-down fa-w-14\" xmlns=\"http:\/\/www.w3.org\/2000\/svg\" viewBox=\"0 0 448 512\" aria-hidden=\"true\" width=\"32\" height=\"32\"><path fill=\"currentColor\" d=\"M207.029 381.476L12.686 187.132c-9.373-9.373-9.373-24.569 0-33.941l22.667-22.667c9.357-9.357 24.522-9.375 33.901-.04L224 284.505l154.745-154.021c9.379-9.335 24.544-9.317 33.901.04l22.667 22.667c9.373 9.373 9.373 24.569 0 33.941L240.971 381.476c-9.373 9.372-24.569 9.372-33.942 0z\"><\/path><\/svg><\/div><\/span><\/div>\n<\/div><\/div>\n<\/div><\/div><\/summary>\n\n\n\n<div class=\"wp-block-stackable-column stk-block-column stk-column stk-block stk-bb53042 stk-block-accordion__content\" data-v=\"4\" data-block-id=\"bb53042\"><style>.stk-bb53042-container{padding-top:0px !important;padding-bottom:8px !important}<\/style><div class=\"stk-column-wrapper stk-block-column__content stk-container stk-bb53042-container stk--no-background stk--no-padding\"><div class=\"stk-block-content stk-inner-blocks stk-bb53042-inner-blocks\">\n<div class=\"wp-block-stackable-text stk-block-text stk-block stk-ee209e3\" data-block-id=\"ee209e3\"><style>.stk-ee209e3 .stk-block-text__text{color:var(--stk-global-color-56986,#111111) !important}<\/style><p class=\"stk-block-text__text has-text-color has-stk-global-color-56986-color\">Description for this block. Use this space for describing your block. Any text will do. Description for this block. You can use this space for describing your block.<\/p><\/div>\n<\/div><\/div><\/div>\n<\/details>\n<\/div><\/div><\/div>\n<\/div><\/div>\n<\/div><\/div><\/div>\n<\/div><\/div>\n","protected":false},"excerpt":{"rendered":"<p>FAQ Vanligt st\u00e4llda fr\u00e5gor Rubrik Hur l\u00e5ng leveranstid? Description for this block. Use this space for describing your block. Any text will do. Description for this block. You can use this space for describing your block. Hur skickas min leverans? Description for this block. Use this space for describing your block. Any text will do. [&hellip;]<\/p>\n","protected":false},"author":1,"featured_media":0,"parent":0,"menu_order":0,"comment_status":"closed","ping_status":"closed","template":"","meta":{"footnotes":""},"blocksy_meta":"","featured_image_urls":{"full":"","thumbnail":"","medium":"","medium_large":"","large":"","1536x1536":"","2048x2048":"","woocommerce_thumbnail":"","woocommerce_single":"","woocommerce_gallery_thumbnail":""},"post_excerpt_stackable":"<p>FAQ Vanligt st\u00e4llda fr\u00e5gor Rubrik Hur l\u00e5ng leveranstid? Description for this block. Use this space for describing your block. Any text will do. Description for this block. You can use this space for describing your block. Hur skickas min leverans? Description for this block. Use this space for describing your block. Any text will do. Description for this block. You can use this space for describing your block. \u00d6vrigt Vart kan man k\u00f6pa \u00c5reprillan? Description for this block. Use this space for describing your block. Any text will do. Description for this block. You can use this space for describing&hellip;<\/p>\n","category_list":"","author_info":{"name":"oscarnnn","url":"https:\/\/areprillan.se\/?author=1"},"comments_num":"0 comments","_links":{"self":[{"href":"https:\/\/areprillan.se\/index.php?rest_route=\/wp\/v2\/pages\/777"}],"collection":[{"href":"https:\/\/areprillan.se\/index.php?rest_route=\/wp\/v2\/pages"}],"about":[{"href":"https:\/\/areprillan.se\/index.php?rest_route=\/wp\/v2\/types\/page"}],"author":[{"embeddable":true,"href":"https:\/\/areprillan.se\/index.php?rest_route=\/wp\/v2\/users\/1"}],"replies":[{"embeddable":true,"href":"https:\/\/areprillan.se\/index.php?rest_route=%2Fwp%2Fv2%2Fcomments&post=777"}],"version-history":[{"count":7,"href":"https:\/\/areprillan.se\/index.php?rest_route=\/wp\/v2\/pages\/777\/revisions"}],"predecessor-version":[{"id":790,"href":"https:\/\/areprillan.se\/index.php?rest_route=\/wp\/v2\/pages\/777\/revisions\/790"}],"wp:attachment":[{"href":"https:\/\/areprillan.se\/index.php?rest_route=%2Fwp%2Fv2%2Fmedia&parent=777"}],"curies":[{"name":"wp","href":"https:\/\/api.w.org\/{rel}","templated":true}]}}